2 - 11*c**2. Let r be s(3). Calculate the greatest common divisor of r and 72.
24
Let l = 10 - 17. Let w = l - -55. Let r be (-4)/(1 + (-15)/9). Calculate the greatest common factor of w and r.
6
Let n = 108 + -65. What is the greatest common divisor of 387 and n?
43
Let z be 2 + -3 + 1718 + -6 + -1. What is the highest common divisor of 45 and z?
45
Let t = -28 + 145. What is the highest common divisor of t and 39?
39
Let w be 6/3*323/2. Calculate the highest common factor of w and 57.
19
Let v be (1/(-3))/(59/(-1062)). Suppose 0 = 5*m - 95 - 145. What is the highest common divisor of m and v?
6
Let r(v) = -51*v + 2*v**3 + 70*v - 17 - 5*v**2 - 4*v**2 - v**3. Let d be r(7). Calculate the greatest common factor of d and 12.
6
Let p be (-2 + 139)/1 - (-15)/(-5). Let a = 314 - p. What is the greatest common divisor of 45 and a?
45
Let j be (-3380)/(-60) - (-2)/(-6). Calculate the greatest common divisor of 7 and j.
7
Let v(o) = -o**3 + 7*o**2 + 2*o - 11. Let w be v(7). Suppose 4 = -m + 3*m, -54 = -l - w*m. Calculate the greatest common divisor of l and 6.
6
Suppose -5*j + 18 = 3. Let m be 693/(-14)*4/j. Let t be 4/22 - 1110/m. What is the highest common divisor of t and 68?
17
Let h(b) = 14*b**2 - 17*b - 185. Let z be h(-8). What is the highest common factor of z and 7?
7
Let q(s) = -s**3 + 14*s**2 + 2*s - 4. Let p be q(14). What is the greatest common factor of 12 and p?
12
Let v be -2 + (-2 + 4)*1. Let s = 42 + v. Calculate the greatest common divisor of s and 14.
14
Let h(p) = 3*p**2 - 27*p - 84. Let k be h(13). What is the highest common divisor of 60 and k?
12
Let n = 823 + -580. Let q be ((-210)/40)/(1/(-4)) + 6. Calculate the greatest common divisor of n and q.
27
Let p be 4 + (-7 - -6) - -84. Calculate the highest common factor of 232 and p.
29
Let y be (0 + 1)/(-13 + (-37863)/(-2912)). What is the greatest common divisor of 104 and y?
104
Let s(p) = -p**3 + 7*p**2 - 4*p - 8. Let h be s(6). Let z be 22/h - (-3)/(-2). Calculate the highest common factor of z and 4.
4
Let i(d) = -d**2 - 11*d + 7. Let c be i(-11). Suppose -9*z + 12 = -c*z. What is the highest common divisor of 18 and z?
6
Suppose -246*o + 20 = -245*o. What is the greatest common divisor of 110 and o?
10
Suppose 0*g - 44 = -4*g + 4*d, 2*g = -5*d + 15. Suppose -29*c = -26*c - 75. Calculate the greatest common factor of c and g.
5
Suppose t = -2*t + 5*i - 23, -5*i = t - 19. Let y be -3 + 4 - t - -43. What is the highest common factor of y and 27?
9
Let z be (-3298)/(-22) - (-3 - (-64)/22). What is the greatest common divisor of z and 60?
30
Suppose -9*b - 296 + 674 = 0. What is the highest common factor of 3 and b?
3
Let j(s) = -127*s - 302. Let c be j(-16). What is the highest common factor of c and 10?
10
Let j(m) = m**2 + 9*m - 5. Let y be j(-7). Let f be 2 - y - (-3)/(-1). What is the highest common divisor of 6 and f?
6
Let t = -47 - -52. Suppose -5*r + 11 = 1, q - t*r - 32 = 0. Calculate the highest common factor of q and 6.
6
Suppose -14*z = -478 - 264. What is the highest common divisor of z and 159?
53
Let t be (-8 + 43)*(1 + 1). Calculate the greatest common factor of t and 224.
14
Suppose -4*d = -2*d - 2. Let h be (d/(-2))/(8/(-32)). Calculate the greatest common factor of 4 and h.
2
Let k be ((-32)/(-5))/((-2)/(-85)). Let c be -2 - (-4 + 5) - k/(-2). What is the greatest common factor of c and 19?
19
Let y be 28/(1/2*50/25). What is the greatest common divisor of y and 700?
28
Let q(s) = s**2 - 3*s + 9. Let b be q(6). Let w be -1 + -1*b/(-3). Calculate the highest common factor of 40 and w.
8
Let t = -405 + 573. What is the greatest common factor of t and 70?
14
Let l be (18/(-15))/((-4)/10). Suppose 0 = 2*r + 2*k - 50, 0*r + k = l*r - 95. Calculate the greatest common factor of r and 6.
6
Suppose -3*b + 8 = b. Let h = 504 + -508. Let k be (36/(-8))/(b/h). Calculate the highest common factor of k and 18.
9
Let l(b) = -b**2 - 4*b + 10. Let x be l(-5). Let j(y) = 35*y + 17. Let h be j(x). What is the highest common divisor of h and 24?
24
Suppose 0 = o - 0*o - 17. Let v = -5 - o. Let u = 42 + v. Calculate the highest common factor of 5 and u.
5
Let v(x) = 12*x**2 + x. Let b = 0 + -6. Let j = 7 + b. Let p be v(j). Calculate the greatest common factor of p and 143.
13
Let c = 42 - 53. Let b be (0 - c) + (-5)/5. Let i(a) = -a**2 - 9*a + 10. Let m be i(-9). What is the greatest common factor of b and m?
10
Let s(l) = -26*l + 4. Let q be s(-4). Let g be 212/8 - (-1)/2. Let p be -2 - -2 - -1*g. What is the greatest common factor of p and q?
27
Suppose 4*q - 13 = -3*k + 8, -3*q - 6 = -5*k. Suppose 19 = 4*w + 5*j, -2*w + 7*w = -q*j + 14. What is the highest common factor of w and 1?
1
Suppose 4*q - 25 = -3*u + 63, -3*q + 66 = 4*u. Suppose -42*f + 40*f = -q. Calculate the highest common divisor of 55 and f.
11
Suppose -5*g + 5*m - 222 = -957, 3*m + 741 = 5*g. Let i be (414/(-36))/23*50/(-1). What is the greatest common factor of i and g?
25
Let q be (-4)/34 + (-5632)/(-187). Calculate the greatest common divisor of 105 and q.
15
Let x(i) = -i**3 - 3*i**2 - 5*i - 9. Let g be x(-3). Calculate the greatest common factor of g and 1266.
6
Let c(s) = 3*s**3 + 4*s**2 + 7*s + 2. Let d be c(-3). Let w = 35 - d. Calculate the greatest common factor of w and 9.
9
Let h(z) = 3*z**2 + 8*z - 2. Let m be h(-8). Let x be (-43)/(-3) - -4*(-2)/24. Calculate the highest common divisor of m and x.
14
Let c be -1*(-3)/(-12)*4. Let w = c - -14. Suppose b - 13 = -0*b. Calculate the highest common divisor of b and w.
13
Let b be (-18)/21 + (-11)/((-308)/2040). Calculate the highest common factor of 8 and b.
8
Let c be 2/7 + ((-944)/7)/(-4). What is the greatest common divisor of c and 51?
17
Suppose -300*i + 32144 = 28*i. Suppose -12 = -2*u + 16. Calculate the greatest common divisor of u and i.
14
Let t(u) = 4*u**2 - u + 9. Let v be -2*(1 - (-25)/(-10)). Let y be t(v). Calculate the highest common factor of 7 and y.
7
Suppose 0 = -y + 3*o - o - 12, -4 = 3*y + 2*o. Let v = y - 1. Let a = 11 - v. Calculate the highest common divisor of a and 32.
16
Let l(a) = -a + 8. Let w be l(5). Suppose 90 = 3*z + 48. Let r(n) = n - 11. Let m be r(z). What is the highest common divisor of m and w?
3
Let i(a) = 54*a + 6. Let y be i(-5). Let l = 2900 + y. Let s be (-22)/(-121) + l/22. What is the highest common divisor of s and 15?
15
Suppose 54 = -2*u + 24. Let f be (u/10)/((-6)/20). Calculate the highest common divisor of 20 and f.
5
Let j be (-42)/(-8) - (-15)/20. Let p(a) = a**2 - 5*a + 2. Let l be p(j). Suppose -l*k = -12*k + 96. Calculate the greatest common factor of 6 and k.
6
Let q = -1438 - -1453. What is the highest common factor of q and 2640?
15
Let v(a) = -7 + 8 + 4*a - 21. Let d be v(8). Let p = -84 + 216. Calculate the highest common factor of p and d.
12
Let w = -195 - -646. Calculate the highest common divisor of w and 11.
11
Let c = 21 + -18. Suppose -2*t - 3*t = -4*g - 30, 0 = 4*t + c*g - 24. Suppose 135 = 5*u - 15. What is the highest common factor of u and t?
6
Suppose -187 = 65*b - 76*b. What is the highest common divisor of 11 and b?
1
Suppose -5*m + 61 - 3 = 2*n, -4*m + 2*n + 32 = 0. Suppose -9*i = -m*i + 104. What is the greatest common divisor of 13 and i?
13
Let a be 30/(-7 - 1014/(-144)). Calculate the greatest common divisor of a and 45.
45
Let b(r) = 16*r**2 + r - 1. Let a be b(1). Let q = -552 + 556. What is the greatest common factor of q and a?
4
Let u = 892 + -396. Calculate the highest common factor of 93 and u.
31
Let a be 391/2 - (-2)/8*2. Let r = a + -100. What is the highest common factor of r and 32?
32
Suppose -734 = 17*w - 2451. Calculate the greatest common factor of w and 1.
1
Suppose -2*f - 3*o + 95 + 281 = 0, -2*o = -f + 188. What is the greatest common divisor of 4 and f?
4
Suppose -4*p = 3*m - 142, 6*m - 5*m - 22 = 5*p. Suppose 0 = 4*k + 5*x - 295, 4*k - 2*x - 3*x = 265. Calculate the highest common factor of m and k.
14
Suppose -h + 445 = 49. Suppose -u - 2*u = -h. Let f be (-1 + 5)*(-3)/(-1). What is the greatest common divisor of u and f?
12
Let v(x) be the second derivative of -4*x + 1/3*x**4 + 3/2*x**2 - 5/6*x**3 + 0. Let i be v(3). Calculate the highest common divisor of i and 16.
8
Suppose 6*y = 8*y - 118. Suppose i = -18 + 5. Let p = y - i. Calculate the g